 + 245. What is the remainder when 890 is divided by s?
106
Suppose 0 = 185*w - 188*w + 2*p + 2685, 3*p = 18. What is the remainder when w is divided by 130?
119
Suppose 2*z = -4*z + 18. Suppose -z*m + 163 = -2*d, -5*d = -0*m - 4*m + 208. Suppose 7*k - 153 = m. Calculate the remainder when 58 is divided by k.
28
Suppose -117 = -4*c - 9. Let g be 2346/299 + (-4)/(-26). Suppose -g*v = -2*v - 90. What is the remainder when c is divided by v?
12
Let p = -326 - -412. Suppose 2*k - p = -2*k + 5*l, -2*k + 52 = 2*l. What is the remainder when 184 is divided by k?
16
Let k = 111 + -112. Let y = k + -1. Calculate the remainder when 27 is divided by 2/y - (0 - 17).
11
Suppose 3*y + 258 = 2*v, -269*y + 273*y - 536 = -4*v. Calculate the remainder when 534 is divided by v.
6
Let j = 1169 + -915. Calculate the remainder when j is divided by 26.
20
Let n = -55 + 80. Let a be 13*(3/4 + (-102)/(-24)). Suppose -5*y - w = -a, 5*y - w = -0*w + 75. What is the remainder when n is divided by y?
11
Suppose 5*m + w - 618 = -129, -2*w + 390 = 4*m. Let r = 41 - -2. Calculate the remainder when m is divided by r.
12
Let h(q) = 3*q**2 - 14*q - 39. Let p be h(-9). Let s = p + -312. Calculate the remainder when 38 is divided by s.
2
Suppose 50 = 34*i - 29*i. Suppose -22 + i = 6*y. What is the remainder when ((-4)/y)/((-10)/(-40)) is divided by 3?
2
Let f(c) = -419*c + 419. What is the remainder when f(-5) is divided by 837?
3
Let n = -1248 - -612. Let m = n + 985. Calculate the remainder when m is divided by 22.
19
Suppose 0 = -40*p + 23*p + 901. Let g(w) = -w + 9. Let r be g(-12). Suppose -7*o - r = -8*o. What is the remainder when p is divided by o?
11
What is the remainder when 1*-4*-2 - (-4659 + 316) is divided by 64?
63
Suppose -2*l = -n + 35, 373*n + 3*l = 378*n - 133. Calculate the remainder when 6829 is divided by n.
21
What is the remainder when 0 + (3 - 1) - 9/((-144)/141392) is divided by 65?
64
Let h = 1615 - 216. What is the remainder when h is divided by 20?
19
Let f = -1442 - -1638. Calculate the remainder when 731 is divided by f.
143
Let f(m) = m**3 + 32*m**2 + 32*m + 970. What is the remainder when f(-31) is divided by 462?
15
Suppose 0 = 3*o, -w + 5*w = -o + 2304. What is the remainder when w is divided by 30?
6
Calculate the remainder when 244 is divided by (-4)/108 + 2812/108.
10
Calculate the remainder when 2311 is divided by (-140)/21*2952/(-60).
15
Suppose -w - 4*r + 215 - 82 = 0, -4*r - 593 = -5*w. Suppose 0 = -l - 536 + 582. Let s = l + -14. Calculate the remainder when w is divided by s.
25
Let j = -1229 - -1243. Calculate the remainder when 129 is divided by j.
3
Let o(g) = -g**3 - 9*g**2 - 19*g - 17. Let f be o(-7). Suppose 0 = 5*y - 2*y - f. Suppose 0*v = -y*v + 240. Calculate the remainder when v is divided by 9.
4
Let x(b) = -14*b + 714. Suppose 2*p - 67 = p. What is the remainder when p is divided by x(50)?
11
Suppose 4*k = -3*u + 2119, 23*k - 26*k - 3*u + 1593 = 0. Calculate the remainder when k is divided by 53.
49
Suppose -4*w = -5*k - 6, -k + 5*w = -3*k + 24. Let y(l) = 31*l**2 - l + 2*l - 2*l - 15*l**k. What is the remainder when 46 is divided by y(-1)?
12
Suppose -294 - 2207 = -37*v - 207. Calculate the remainder when 115 is divided by v.
53
Suppose -4*k + 2673 = x, -5*k + 10*k - 6*x - 3392 = 0. What is the remainder when k is divided by 113?
105
Let s(r) be the second derivative of 9*r**5/10 - r**4/12 - 11*r**3/6 + 11*r**2/2 + 36*r + 1. What is the remainder when s(1) is divided by 7?
3
Let n = -11 - -13. Suppose -2*j + 133 = 6*i - 3*i, i - 131 = -n*j. Let t(k) = 11*k**2 - 19*k - 19. What is the remainder when j is divided by t(-1)?
10
Let l(q) = -q**3 - 21*q**2 + 230*q - 20. What is the remainder when l(-29) is divided by 1/2 + 19/2?
8
Suppose 89948 = -109*j - 172*j + 394*j. Calculate the remainder when j is divided by 12.
4
Let r = -2569 + 2833. Calculate the remainder when r is divided by 58.
32
Suppose -3*g + 3 = -36. Let u(k) = -5*k + 3. Let a be u(0). Suppose 5*o = 2*x + 256, -252 = -4*o - a*x - 61. Calculate the remainder when o is divided by g.
11
Calculate the remainder when 59 is divided by 1/((-2325)/(-7378) - (23/7 + -3)).
25
Let r be 72/(-16)*(-16)/(-6). Let d be (-2)/4*(r + 74). Let h = d - -63. What is the remainder when 127 is divided by h?
31
What is the remainder when (-285)/(-15) - -15*232 is divided by 20?
19
Let c be (-1125)/(-5)*-1*(-4)/3. Suppose -c = 79*i - 91*i. Calculate the remainder when 70 is divided by i.
20
Suppose 6*w - 5*n = 10*w + 450, 338 = -3*w - 4*n. Let j = w - -155. What is the remainder when j is divided by 23?
22
Let d(h) = h**2 - 78*h + 911. What is the remainder when 169 is divided by d(14)?
4
Let t(x) be the first derivative of x**4 + x**3 - 3*x**2 + 3*x + 19. What is the remainder when 172 is divided by t(2)?
32
Let r(c) = c**2 - 18*c - 114. Suppose 55 = 2*x + y - 2*y, 5*x - 5*y - 145 = 0. What is the remainder when r(32) is divided by x?
22
Let u = 56 - 48. Let l(g) = 2*g**2 - 12*g - 40. What is the remainder when l(11) is divided by u?
6
Suppose -2*g = -4*t - 84, -g = t - 0*t - 48. Let p = -37 - -53. Calculate the remainder when g is divided by p.
14
Let k be -372 - 0 - 1*(5 - 6). Calculate the remainder when k/(-5) - 25/125 is divided by 13.
9
Let c = -127 + 42. Let i = -79 - c. Let y = -18 + 33. Calculate the remainder when y is divided by i.
3
Calculate the remainder when 375 is divided by ((-88)/(-40) + 17/(-85))/(2/183).
9
Suppose -87 + 375 = 16*t. Calculate the remainder when 427 is divided by t.
13
Let u(n) = 4*n**2 - 32*n + 65. Calculate the remainder when 2856 is divided by u(8).
61
Suppose 32 = 2*f + 4*p, 4*f - 66*p - 74 = -69*p. Let c = 102 - -34. What is the remainder when c is divided by f?
16
Let v = 473 + -447. Suppose 0 = 55*k - v*k - 6815. Calculate the remainder when k is divided by 14.
11
Let s(n) = -30*n - 1. Let x be 14/(-6) + 2 - (-944)/24. What is the remainder when s(-2) is divided by (1 + x)*13/26?
19
Suppose 281*d = 7274 + 21107. Let s(v) = 17*v + 1. Suppose -h + 10 = -4*j, 2*h = -3*j - 1 - 1. Calculate the remainder when d is divided by s(h).
31
Let t = -2 + 1. Let z(l) = 52*l**2 + 2*l + 1. Let o(f) = 180*f + 386. Calculate the remainder when z(t) is divided by o(-2).
25
Let a(t) = -t**3 + 14*t**2 - 4*t + 31. Calculate the remainder when a(13) is divided by 36.
4
Suppose a - 3 = 0, -z + 230 = 3*a - 608. What is the remainder when z is divided by 412?
5
Let a(m) = -275*m**3 + 3*m**2 - 2. Let s be a(1). Let v = -271 - s. What is the remainder when 4 is divided by v?
1
Let v = -390 + 755. Suppose -205 - v = -5*x. What is the remainder when x is divided by 13?
10
Suppose 2 - 6 = y, -4*d = -5*y - 40. Suppose -3*f - 73 = -4*p - 8*f, -22 = -p - d*f. Suppose 0 = j + p - 30. Calculate the remainder when 34 is divided by j.
8
Let t(f) = -f**3 - 34*f**2 + 109*f + 2. Calculate the remainder when 387 is divided by t(-37).
7
Let c(z) = 105*z + 1220. What is the remainder when 7929 is divided by c(-11)?
64
Suppose 14*p = -2*j + 13*p - 810, 1620 = -4*j + 3*p. Suppose -4*z = -f + 13, z = 2*f + 2*z + 10. Calculate the remainder when 25 is divided by (-2)/f*j/(-18).
10
What is the remainder when 200 is divided by (-10290)/(-135) - (-2)/(-9)?
48
Suppose 3*a + 5430 = -2919. Let g = a - -149. Calculate the remainder when g/(-24) + (-9)/12 is divided by 37.
35
Suppose 3*x = m + 421, -4*x = -3*x + 3*m - 167. Calculate the remainder when x is divided by -18*((-16)/(-6))/(-2).
23
Let f(t) = 22*t**2 - t + 1. Suppose -2 = -b + 3*d, 1368*b + 3*d = 1364*b + 128. What is the remainder when f(-2) is divided by b?
13
Let d = 113 - 1. What is the remainder when d is divided by 15*16/18*3 - 7?
13
Let t be (-1)/(2*(-2)/8). Suppose 2*x - 36 = -t*x. What is the remainder when -6*(-72)/(-90)*(-595)/136 is divided by x?
3
Let a be (-104)/(-28) + 4/14. Suppose 70 = t + a*k, -4*k + 9 = -11. Suppose 46 = 3*h - f, h - 31 = -2*h + 4*f. What is the remainder when t is divided by h?
16
What is the remainder when (3 - -3278) + 15 + (72/(-9) - 1) is divided by 26?
11
Let o(k) = -k**2 - 13*k - 16. Let h be o(-11). Suppose -3*v - 9 = 0, v - h = -r + 1. Let l = 30 + -5. What is the remainder when l is divided by r?
5
Let z be ((-2)/3 + 2)*(51 - 48). Suppose 8*y - 5*r - 404 = z*y, 0 = 5*y + 2*r - 538. What is